[INFO] cloning repository https://github.com/Domicnt/rust-sdl2
[INFO] running `Command { std: "git" "-c" "credential.helper=" "-c" "credential.helper=/workspace/cargo-home/bin/git-credential-null" "clone" "--bare" "https://github.com/Domicnt/rust-sdl2" "/workspace/cache/git-repos/https%3A%2F%2Fgithub.com%2FDomicnt%2Frust-sdl2", kill_on_drop: false }`
[INFO] [stderr] Cloning into bare repository '/workspace/cache/git-repos/https%3A%2F%2Fgithub.com%2FDomicnt%2Frust-sdl2'...
[INFO] running `Command { std: "git" "rev-parse" "HEAD", kill_on_drop: false }`
[INFO] [stdout] 4ab067649e6d9b16d7b848e26c9b6a634a15e4e5
[INFO] checking Domicnt/rust-sdl2 against master#cfbc6d4cf1acbac5c025acf8ed68929caa551df3 for pr-75494-beta
[INFO] running `Command { std: "git" "clone" "/workspace/cache/git-repos/https%3A%2F%2Fgithub.com%2FDomicnt%2Frust-sdl2" "/workspace/builds/worker-1/source", kill_on_drop: false }`
[INFO] [stderr] Cloning into '/workspace/builds/worker-1/source'...
[INFO] [stderr] done.
[INFO] validating manifest of git repo https://github.com/Domicnt/rust-sdl2 on toolchain cfbc6d4cf1acbac5c025acf8ed68929caa551df3
[INFO] running `Command { std: "/workspace/cargo-home/bin/cargo" "+cfbc6d4cf1acbac5c025acf8ed68929caa551df3" "read-manifest" "--manifest-path" "Cargo.toml", kill_on_drop: false }`
[INFO] started tweaking git repo https://github.com/Domicnt/rust-sdl2
[INFO] finished tweaking git repo https://github.com/Domicnt/rust-sdl2
[INFO] tweaked toml for git repo https://github.com/Domicnt/rust-sdl2 written to /workspace/builds/worker-1/source/Cargo.toml
[INFO] crate git repo https://github.com/Domicnt/rust-sdl2 already has a lockfile, it will not be regenerated
[INFO] running `Command { std: "/workspace/cargo-home/bin/cargo" "+cfbc6d4cf1acbac5c025acf8ed68929caa551df3" "fetch" "--locked" "--manifest-path" "Cargo.toml", kill_on_drop: false }`
[INFO] [stderr]     Blocking waiting for file lock on package cache
[INFO] [stderr]  Downloading crates ...
[INFO] [stderr]   Downloaded sdl2 v0.34.2
[INFO] [stderr]   Downloaded sdl2-sys v0.34.2
[INFO] running `Command { std: "docker" "create" "-v" "/var/lib/crater-agent-workspace/builds/worker-1/target:/opt/rustwide/target:rw,Z" "-v" "/var/lib/crater-agent-workspace/builds/worker-1/source:/opt/rustwide/workdir:ro,Z" "-v" "/var/lib/crater-agent-workspace/cargo-home:/opt/rustwide/cargo-home:ro,Z" "-v" "/var/lib/crater-agent-workspace/rustup-home:/opt/rustwide/rustup-home:ro,Z" "-e" "SOURCE_DIR=/opt/rustwide/workdir" "-e" "CARGO_TARGET_DIR=/opt/rustwide/target" "-e" "CARGO_HOME=/opt/rustwide/cargo-home" "-e" "RUSTUP_HOME=/opt/rustwide/rustup-home" "-w" "/opt/rustwide/workdir" "-m" "1610612736" "--user" "0:0" "--network" "none" "rustops/crates-build-env@sha256:a636fd89d022f18117e1dc8fb37a0a009933cdbbe082814857f0e2024962d47c" "/opt/rustwide/cargo-home/bin/cargo" "+cfbc6d4cf1acbac5c025acf8ed68929caa551df3" "metadata" "--no-deps" "--format-version=1", kill_on_drop: false }`
[INFO] [stdout] 73051395025b031c9a1f2fa7cd2e32ccfe3f02f553f76482164a7eec65c7328e
[INFO] [stderr] WARNING: Your kernel does not support swap limit capabilities or the cgroup is not mounted. Memory limited without swap.
[INFO] running `Command { std: "docker" "start" "-a" "73051395025b031c9a1f2fa7cd2e32ccfe3f02f553f76482164a7eec65c7328e", kill_on_drop: false }`
[INFO] running `Command { std: "docker" "inspect" "73051395025b031c9a1f2fa7cd2e32ccfe3f02f553f76482164a7eec65c7328e", kill_on_drop: false }`
[INFO] running `Command { std: "docker" "rm" "-f" "73051395025b031c9a1f2fa7cd2e32ccfe3f02f553f76482164a7eec65c7328e", kill_on_drop: false }`
[INFO] [stdout] 73051395025b031c9a1f2fa7cd2e32ccfe3f02f553f76482164a7eec65c7328e
[INFO] running `Command { std: "docker" "create" "-v" "/var/lib/crater-agent-workspace/builds/worker-1/target:/opt/rustwide/target:rw,Z" "-v" "/var/lib/crater-agent-workspace/builds/worker-1/source:/opt/rustwide/workdir:ro,Z" "-v" "/var/lib/crater-agent-workspace/cargo-home:/opt/rustwide/cargo-home:ro,Z" "-v" "/var/lib/crater-agent-workspace/rustup-home:/opt/rustwide/rustup-home:ro,Z" "-e" "SOURCE_DIR=/opt/rustwide/workdir" "-e" "CARGO_TARGET_DIR=/opt/rustwide/target" "-e" "CARGO_INCREMENTAL=0" "-e" "RUST_BACKTRACE=full" "-e" "RUSTFLAGS=--cap-lints=forbid" "-e" "CARGO_HOME=/opt/rustwide/cargo-home" "-e" "RUSTUP_HOME=/opt/rustwide/rustup-home" "-w" "/opt/rustwide/workdir" "-m" "1610612736" "--user" "0:0" "--network" "none" "rustops/crates-build-env@sha256:a636fd89d022f18117e1dc8fb37a0a009933cdbbe082814857f0e2024962d47c" "/opt/rustwide/cargo-home/bin/cargo" "+cfbc6d4cf1acbac5c025acf8ed68929caa551df3" "check" "--frozen" "--all" "--all-targets" "--message-format=json", kill_on_drop: false }`
[INFO] [stdout] d016da90e245b8fad50b2949489e8d02524d49d8b49fd4a39c30be5d9a349a6d
[INFO] [stderr] WARNING: Your kernel does not support swap limit capabilities or the cgroup is not mounted. Memory limited without swap.
[INFO] running `Command { std: "docker" "start" "-a" "d016da90e245b8fad50b2949489e8d02524d49d8b49fd4a39c30be5d9a349a6d", kill_on_drop: false }`
[INFO] [stderr]    Compiling version-compare v0.0.10
[INFO] [stderr]    Compiling sdl2 v0.34.2
[INFO] [stderr]    Compiling engine v0.1.0 (/opt/rustwide/workdir)
[INFO] [stderr]    Compiling sdl2-sys v0.34.2
[INFO] [stdout] error[E0583]: file not found for module `vec2d`
[INFO] [stdout]  --> src/object/mod.rs:1:1
[INFO] [stdout]   |
[INFO] [stdout] 1 | pub mod vec2d;
[INFO] [stdout]   | ^^^^^^^^^^^^^^
[INFO] [stdout]   |
[INFO] [stdout]   = help: to create the module `vec2d`, create file "src/object/vec2d.rs"
[INFO] [stdout] 
[INFO] [stdout] 
[INFO] [stdout] error[E0583]: file not found for module `vec2d`
[INFO] [stdout]  --> src/object/mod.rs:1:1
[INFO] [stdout]   |
[INFO] [stdout] 1 | pub mod vec2d;
[INFO] [stdout]   | ^^^^^^^^^^^^^^
[INFO] [stdout]   |
[INFO] [stdout]   = help: to create the module `vec2d`, create file "src/object/vec2d.rs"
[INFO] [stdout] 
[INFO] [stdout] 
[INFO] [stdout] error[E0432]: unresolved import `super::vec2d::Vec2D`
[INFO] [stdout]  --> src/object/animation.rs:5:5
[INFO] [stdout]   |
[INFO] [stdout] 5 |     vec2d::Vec2D,
[INFO] [stdout]   |     ^^^^^^^^^^^^ no `Vec2D` in `object::vec2d`
[INFO] [stdout] 
[INFO] [stdout] 
[INFO] [stdout] error[E0432]: unresolved import `super::vec2d::Vec2D`
[INFO] [stdout]  --> src/object/shape.rs:3:9
[INFO] [stdout]   |
[INFO] [stdout] 3 | pub use super::vec2d::Vec2D;
[INFO] [stdout]   |         ^^^^^^^^^^^^^^^^^^^ no `Vec2D` in `object::vec2d`
[INFO] [stdout] 
[INFO] [stdout] 
[INFO] [stdout] error[E0432]: unresolved import `super::vec2d::Vec2D`
[INFO] [stdout]  --> src/object/object.rs:5:9
[INFO] [stdout]   |
[INFO] [stdout] 5 | pub use super::vec2d::Vec2D;
[INFO] [stdout]   |         ^^^^^^^^^^^^^^^^^^^ no `Vec2D` in `object::vec2d`
[INFO] [stdout] 
[INFO] [stdout] 
[INFO] [stdout] error[E0432]: unresolved import `super::super::object::vec2d::Vec2D`
[INFO] [stdout]  --> src/menu/button.rs:4:5
[INFO] [stdout]   |
[INFO] [stdout] 4 |     vec2d::Vec2D,
[INFO] [stdout]   |     ^^^^^^^^^^^^ no `Vec2D` in `object::vec2d`
[INFO] [stdout] 
[INFO] [stdout] 
[INFO] [stdout] error[E0432]: unresolved import `super::super::object::vec2d::Vec2D`
[INFO] [stdout]  --> src/menu/menu.rs:3:9
[INFO] [stdout]   |
[INFO] [stdout] 3 | pub use super::super::object::vec2d::Vec2D;
[INFO] [stdout]   |         ^^^^^^^^^^^^^^^^^^^^^^^^^^^^^^^^^^ no `Vec2D` in `object::vec2d`
[INFO] [stdout] 
[INFO] [stdout] 
[INFO] [stdout] error[E0432]: unresolved import `object::vec2d::Vec2D`
[INFO] [stdout]   --> src/main.rs:11:5
[INFO] [stdout]    |
[INFO] [stdout] 11 |     vec2d::Vec2D,
[INFO] [stdout]    |     ^^^^^^^^^^^^ no `Vec2D` in `object::vec2d`
[INFO] [stdout] 
[INFO] [stdout] 
[INFO] [stdout] error[E0432]: unresolved import `super::vec2d::Vec2D`
[INFO] [stdout]  --> src/object/animation.rs:5:5
[INFO] [stdout]   |
[INFO] [stdout] 5 |     vec2d::Vec2D,
[INFO] [stdout]   |     ^^^^^^^^^^^^ no `Vec2D` in `object::vec2d`
[INFO] [stdout] 
[INFO] [stdout] 
[INFO] [stdout] error[E0432]: unresolved import `super::vec2d::Vec2D`
[INFO] [stdout]  --> src/object/shape.rs:3:9
[INFO] [stdout]   |
[INFO] [stdout] 3 | pub use super::vec2d::Vec2D;
[INFO] [stdout]   |         ^^^^^^^^^^^^^^^^^^^ no `Vec2D` in `object::vec2d`
[INFO] [stdout] 
[INFO] [stdout] 
[INFO] [stdout] error[E0432]: unresolved import `super::vec2d::Vec2D`
[INFO] [stdout]  --> src/object/object.rs:5:9
[INFO] [stdout]   |
[INFO] [stdout] 5 | pub use super::vec2d::Vec2D;
[INFO] [stdout]   |         ^^^^^^^^^^^^^^^^^^^ no `Vec2D` in `object::vec2d`
[INFO] [stdout] 
[INFO] [stdout] 
[INFO] [stdout] error[E0432]: unresolved import `super::super::object::vec2d::Vec2D`
[INFO] [stdout]  --> src/menu/button.rs:4:5
[INFO] [stdout]   |
[INFO] [stdout] 4 |     vec2d::Vec2D,
[INFO] [stdout]   |     ^^^^^^^^^^^^ no `Vec2D` in `object::vec2d`
[INFO] [stdout] 
[INFO] [stdout] 
[INFO] [stdout] error[E0432]: unresolved import `super::super::object::vec2d::Vec2D`
[INFO] [stdout]  --> src/menu/menu.rs:3:9
[INFO] [stdout]   |
[INFO] [stdout] 3 | pub use super::super::object::vec2d::Vec2D;
[INFO] [stdout]   |         ^^^^^^^^^^^^^^^^^^^^^^^^^^^^^^^^^^ no `Vec2D` in `object::vec2d`
[INFO] [stdout] 
[INFO] [stdout] 
[INFO] [stdout] error[E0432]: unresolved import `object::vec2d::Vec2D`
[INFO] [stdout]   --> src/main.rs:11:5
[INFO] [stdout]    |
[INFO] [stdout] 11 |     vec2d::Vec2D,
[INFO] [stdout]    |     ^^^^^^^^^^^^ no `Vec2D` in `object::vec2d`
[INFO] [stdout] 
[INFO] [stdout] 
[INFO] [stdout] error: aborting due to 7 previous errors
[INFO] [stdout] 
[INFO] [stdout] 
[INFO] [stdout] Some errors have detailed explanations: E0432, E0583.
[INFO] [stdout] 
[INFO] [stdout] For more information about an error, try `rustc --explain E0432`.
[INFO] [stdout] 
[INFO] [stderr] error: could not compile `engine`.
[INFO] [stderr] 
[INFO] [stderr] To learn more, run the command again with --verbose.
[INFO] [stderr] warning: build failed, waiting for other jobs to finish...
[INFO] [stdout] error: aborting due to 7 previous errors
[INFO] [stdout] 
[INFO] [stdout] 
[INFO] [stdout] Some errors have detailed explanations: E0432, E0583.
[INFO] [stdout] 
[INFO] [stdout] For more information about an error, try `rustc --explain E0432`.
[INFO] [stdout] 
[INFO] [stderr] error: build failed
[INFO] running `Command { std: "docker" "inspect" "d016da90e245b8fad50b2949489e8d02524d49d8b49fd4a39c30be5d9a349a6d", kill_on_drop: false }`
[INFO] running `Command { std: "docker" "rm" "-f" "d016da90e245b8fad50b2949489e8d02524d49d8b49fd4a39c30be5d9a349a6d", kill_on_drop: false }`
[INFO] [stdout] d016da90e245b8fad50b2949489e8d02524d49d8b49fd4a39c30be5d9a349a6d
